{"id":12297,"date":"2024-10-12T18:56:25","date_gmt":"2024-10-12T16:56:25","guid":{"rendered":"https:\/\/www.galerierichard.com\/?post_type=product&#038;p=12297"},"modified":"2025-09-06T16:06:07","modified_gmt":"2025-09-06T14:06:07","slug":"takesada-matsutani-tm-cercle-97-7-5-1997","status":"publish","type":"product","link":"https:\/\/www.galerierichard.com\/index.php\/en\/produit\/takesada-matsutani-tm-cercle-97-7-5-1997\/","title":{"rendered":"Takesada MATSUTANI, Cercle 97-7-5"},"content":{"rendered":"<p>Takesada MATSUTANI<\/p>\n<p>Cercle 97-7-5, 1997<\/p>\n<p>Colle \u00e0 bois, mine de plomb et vernis sur papier maroufl\u00e9 sur toile \/ Wood glue, graphite and varnish on paper mounted on canvas<\/p>\n<p>33, 5 x 24, 5 cm \/ 13 1\/4 x 9 3\/4 x 1 1\/2 in<\/p>\n","protected":false},"excerpt":{"rendered":"<p>Takesada MATSUTANI Cercle 97-7-5, 1997 Colle \u00e0 bois, mine de plomb et vernis sur papier maroufl\u00e9 sur toile \/ Wood glue, graphite and varnish on paper mounted on canvas 33, 5 x 24, 5 cm \/ 13 1\/4 x 9 3\/4 x 1 1\/2 in<\/p>\n","protected":false},"featured_media":12277,"template":"","meta":{"_acf_changed":false},"product_brand":[],"product_cat":[2013],"product_tag":[],"class_list":{"0":"post-12297","1":"product","2":"type-product","3":"status-publish","4":"has-post-thumbnail","6":"product_cat-takesada-matsutani","8":"first","9":"instock","10":"taxable","11":"shipping-taxable","12":"purchasable","13":"product-type-simple"},"acf":[],"yoast_head":"<!-- This site is optimized with the Yoast SEO plugin v27.5 - https:\/\/yoast.com\/product\/yoast-seo-wordpress\/ -->\n<title>Takesada MATSUTANI, Cercle 97-7-5 - Galerie Richard<\/title>\n<meta name=\"description\" content=\"Oeuvre repr\u00e9sentative de l&#039;artiste japonais Takesada MATSUTANI, n\u00e9 en 1937 \u00e0 Osaka, membre du groupe Gutai depuis 1963, qui vit et travaille \u00e0 Paris depuis 1966.\" \/>\n<meta name=\"robots\" content=\"index, follow, max-snippet:-1, max-image-preview:large, max-video-preview:-1\" \/>\n<link rel=\"canonical\" href=\"https:\/\/www.galerierichard.com\/index.php\/en\/produit\/takesada-matsutani-tm-cercle-97-7-5-1997\/\" \/>\n<meta property=\"og:locale\" content=\"fr_FR\" \/>\n<meta property=\"og:type\" content=\"article\" \/>\n<meta property=\"og:title\" content=\"Takesada MATSUTANI, Cercle 97-7-5 - Galerie Richard\" \/>\n<meta property=\"og:description\" content=\"Oeuvre repr\u00e9sentative de l&#039;artiste japonais Takesada MATSUTANI, n\u00e9 en 1937 \u00e0 Osaka, membre du groupe Gutai depuis 1963, qui vit et travaille \u00e0 Paris depuis 1966.\" \/>\n<meta property=\"og:url\" content=\"https:\/\/www.galerierichard.com\/index.php\/en\/produit\/takesada-matsutani-tm-cercle-97-7-5-1997\/\" \/>\n<meta property=\"og:site_name\" content=\"Galerie Richard\" \/>\n<meta property=\"article:publisher\" content=\"https:\/\/www.facebook.com\/galerierichard\/\" \/>\n<meta property=\"article:modified_time\" content=\"2025-09-06T14:06:07+00:00\" \/>\n<meta property=\"og:image\" content=\"https:\/\/www.galerierichard.com\/wp-content\/uploads\/2024\/10\/TM-Cercle-97-7-5-1997wood-gluegraphir-te-and-varnish-stained-paper-on-canvas-13-14-x-9-34-in-335-x-245-cm-.jpg\" \/>\n\t<meta property=\"og:image:width\" content=\"528\" \/>\n\t<meta property=\"og:image:height\" content=\"728\" \/>\n\t<meta property=\"og:image:type\" content=\"image\/jpeg\" \/>\n<meta name=\"twitter:card\" content=\"summary_large_image\" \/>\n<meta name=\"twitter:site\" content=\"@galerierichard\" \/>\n<meta name=\"twitter:label1\" content=\"Dur\u00e9e de lecture estim\u00e9e\" \/>\n\t<meta name=\"twitter:data1\" content=\"1 minute\" \/>\n<script type=\"application\/ld+json\" class=\"yoast-schema-graph\">{\"@context\":\"https:\\\/\\\/schema.org\",\"@graph\":[{\"@type\":\"WebPage\",\"@id\":\"https:\\\/\\\/www.galerierichard.com\\\/index.php\\\/en\\\/produit\\\/takesada-matsutani-tm-cercle-97-7-5-1997\\\/\",\"url\":\"https:\\\/\\\/www.galerierichard.com\\\/index.php\\\/en\\\/produit\\\/takesada-matsutani-tm-cercle-97-7-5-1997\\\/\",\"name\":\"Takesada MATSUTANI, Cercle 97-7-5 - Galerie Richard\",\"isPartOf\":{\"@id\":\"https:\\\/\\\/www.galerierichard.com\\\/#website\"},\"primaryImageOfPage\":{\"@id\":\"https:\\\/\\\/www.galerierichard.com\\\/index.php\\\/en\\\/produit\\\/takesada-matsutani-tm-cercle-97-7-5-1997\\\/#primaryimage\"},\"image\":{\"@id\":\"https:\\\/\\\/www.galerierichard.com\\\/index.php\\\/en\\\/produit\\\/takesada-matsutani-tm-cercle-97-7-5-1997\\\/#primaryimage\"},\"thumbnailUrl\":\"https:\\\/\\\/www.galerierichard.com\\\/wp-content\\\/uploads\\\/2024\\\/10\\\/TM-Cercle-97-7-5-1997wood-gluegraphir-te-and-varnish-stained-paper-on-canvas-13-14-x-9-34-in-335-x-245-cm-.jpg\",\"datePublished\":\"2024-10-12T16:56:25+00:00\",\"dateModified\":\"2025-09-06T14:06:07+00:00\",\"description\":\"Oeuvre repr\u00e9sentative de l'artiste japonais Takesada MATSUTANI, n\u00e9 en 1937 \u00e0 Osaka, membre du groupe Gutai depuis 1963, qui vit et travaille \u00e0 Paris depuis 1966.\",\"breadcrumb\":{\"@id\":\"https:\\\/\\\/www.galerierichard.com\\\/index.php\\\/en\\\/produit\\\/takesada-matsutani-tm-cercle-97-7-5-1997\\\/#breadcrumb\"},\"inLanguage\":\"fr-FR\",\"potentialAction\":[{\"@type\":\"ReadAction\",\"target\":[\"https:\\\/\\\/www.galerierichard.com\\\/index.php\\\/en\\\/produit\\\/takesada-matsutani-tm-cercle-97-7-5-1997\\\/\"]}]},{\"@type\":\"ImageObject\",\"inLanguage\":\"fr-FR\",\"@id\":\"https:\\\/\\\/www.galerierichard.com\\\/index.php\\\/en\\\/produit\\\/takesada-matsutani-tm-cercle-97-7-5-1997\\\/#primaryimage\",\"url\":\"https:\\\/\\\/www.galerierichard.com\\\/wp-content\\\/uploads\\\/2024\\\/10\\\/TM-Cercle-97-7-5-1997wood-gluegraphir-te-and-varnish-stained-paper-on-canvas-13-14-x-9-34-in-335-x-245-cm-.jpg\",\"contentUrl\":\"https:\\\/\\\/www.galerierichard.com\\\/wp-content\\\/uploads\\\/2024\\\/10\\\/TM-Cercle-97-7-5-1997wood-gluegraphir-te-and-varnish-stained-paper-on-canvas-13-14-x-9-34-in-335-x-245-cm-.jpg\",\"width\":528,\"height\":728},{\"@type\":\"BreadcrumbList\",\"@id\":\"https:\\\/\\\/www.galerierichard.com\\\/index.php\\\/en\\\/produit\\\/takesada-matsutani-tm-cercle-97-7-5-1997\\\/#breadcrumb\",\"itemListElement\":[{\"@type\":\"ListItem\",\"position\":1,\"name\":\"Accueil\",\"item\":\"https:\\\/\\\/www.galerierichard.com\\\/\"},{\"@type\":\"ListItem\",\"position\":2,\"name\":\"Shop\",\"item\":\"https:\\\/\\\/www.galerierichard.com\\\/index.php\\\/shop-2\\\/\"},{\"@type\":\"ListItem\",\"position\":3,\"name\":\"Takesada MATSUTANI, Cercle 97-7-5\"}]},{\"@type\":\"WebSite\",\"@id\":\"https:\\\/\\\/www.galerierichard.com\\\/#website\",\"url\":\"https:\\\/\\\/www.galerierichard.com\\\/\",\"name\":\"Galerie Richard\",\"description\":\"\",\"publisher\":{\"@id\":\"https:\\\/\\\/www.galerierichard.com\\\/#organization\"},\"potentialAction\":[{\"@type\":\"SearchAction\",\"target\":{\"@type\":\"EntryPoint\",\"urlTemplate\":\"https:\\\/\\\/www.galerierichard.com\\\/?s={search_term_string}\"},\"query-input\":{\"@type\":\"PropertyValueSpecification\",\"valueRequired\":true,\"valueName\":\"search_term_string\"}}],\"inLanguage\":\"fr-FR\"},{\"@type\":\"Organization\",\"@id\":\"https:\\\/\\\/www.galerierichard.com\\\/#organization\",\"name\":\"Galerie Richard\",\"url\":\"https:\\\/\\\/www.galerierichard.com\\\/\",\"logo\":{\"@type\":\"ImageObject\",\"inLanguage\":\"fr-FR\",\"@id\":\"https:\\\/\\\/www.galerierichard.com\\\/#\\\/schema\\\/logo\\\/image\\\/\",\"url\":\"https:\\\/\\\/www.galerierichard.com\\\/wp-content\\\/uploads\\\/2021\\\/07\\\/logo-galerie-richard.png\",\"contentUrl\":\"https:\\\/\\\/www.galerierichard.com\\\/wp-content\\\/uploads\\\/2021\\\/07\\\/logo-galerie-richard.png\",\"width\":295,\"height\":25,\"caption\":\"Galerie Richard\"},\"image\":{\"@id\":\"https:\\\/\\\/www.galerierichard.com\\\/#\\\/schema\\\/logo\\\/image\\\/\"},\"sameAs\":[\"https:\\\/\\\/www.facebook.com\\\/galerierichard\\\/\",\"https:\\\/\\\/x.com\\\/galerierichard\",\"https:\\\/\\\/www.instagram.com\\\/galerie.richard\\\/\",\"https:\\\/\\\/www.youtube.com\\\/channel\\\/UCwaMGcMSKAW565EC2g1RIVg\"]}]}<\/script>\n<!-- \/ Yoast SEO plugin. -->","yoast_head_json":{"title":"Takesada MATSUTANI, Cercle 97-7-5 - Galerie Richard","description":"Oeuvre repr\u00e9sentative de l'artiste japonais Takesada MATSUTANI, n\u00e9 en 1937 \u00e0 Osaka, membre du groupe Gutai depuis 1963, qui vit et travaille \u00e0 Paris depuis 1966.","robots":{"index":"index","follow":"follow","max-snippet":"max-snippet:-1","max-image-preview":"max-image-preview:large","max-video-preview":"max-video-preview:-1"},"canonical":"https:\/\/www.galerierichard.com\/index.php\/en\/produit\/takesada-matsutani-tm-cercle-97-7-5-1997\/","og_locale":"fr_FR","og_type":"article","og_title":"Takesada MATSUTANI, Cercle 97-7-5 - Galerie Richard","og_description":"Oeuvre repr\u00e9sentative de l'artiste japonais Takesada MATSUTANI, n\u00e9 en 1937 \u00e0 Osaka, membre du groupe Gutai depuis 1963, qui vit et travaille \u00e0 Paris depuis 1966.","og_url":"https:\/\/www.galerierichard.com\/index.php\/en\/produit\/takesada-matsutani-tm-cercle-97-7-5-1997\/","og_site_name":"Galerie Richard","article_publisher":"https:\/\/www.facebook.com\/galerierichard\/","article_modified_time":"2025-09-06T14:06:07+00:00","og_image":[{"width":528,"height":728,"url":"https:\/\/www.galerierichard.com\/wp-content\/uploads\/2024\/10\/TM-Cercle-97-7-5-1997wood-gluegraphir-te-and-varnish-stained-paper-on-canvas-13-14-x-9-34-in-335-x-245-cm-.jpg","type":"image\/jpeg"}],"twitter_card":"summary_large_image","twitter_site":"@galerierichard","twitter_misc":{"Dur\u00e9e de lecture estim\u00e9e":"1 minute"},"schema":{"@context":"https:\/\/schema.org","@graph":[{"@type":"WebPage","@id":"https:\/\/www.galerierichard.com\/index.php\/en\/produit\/takesada-matsutani-tm-cercle-97-7-5-1997\/","url":"https:\/\/www.galerierichard.com\/index.php\/en\/produit\/takesada-matsutani-tm-cercle-97-7-5-1997\/","name":"Takesada MATSUTANI, Cercle 97-7-5 - Galerie Richard","isPartOf":{"@id":"https:\/\/www.galerierichard.com\/#website"},"primaryImageOfPage":{"@id":"https:\/\/www.galerierichard.com\/index.php\/en\/produit\/takesada-matsutani-tm-cercle-97-7-5-1997\/#primaryimage"},"image":{"@id":"https:\/\/www.galerierichard.com\/index.php\/en\/produit\/takesada-matsutani-tm-cercle-97-7-5-1997\/#primaryimage"},"thumbnailUrl":"https:\/\/www.galerierichard.com\/wp-content\/uploads\/2024\/10\/TM-Cercle-97-7-5-1997wood-gluegraphir-te-and-varnish-stained-paper-on-canvas-13-14-x-9-34-in-335-x-245-cm-.jpg","datePublished":"2024-10-12T16:56:25+00:00","dateModified":"2025-09-06T14:06:07+00:00","description":"Oeuvre repr\u00e9sentative de l'artiste japonais Takesada MATSUTANI, n\u00e9 en 1937 \u00e0 Osaka, membre du groupe Gutai depuis 1963, qui vit et travaille \u00e0 Paris depuis 1966.","breadcrumb":{"@id":"https:\/\/www.galerierichard.com\/index.php\/en\/produit\/takesada-matsutani-tm-cercle-97-7-5-1997\/#breadcrumb"},"inLanguage":"fr-FR","potentialAction":[{"@type":"ReadAction","target":["https:\/\/www.galerierichard.com\/index.php\/en\/produit\/takesada-matsutani-tm-cercle-97-7-5-1997\/"]}]},{"@type":"ImageObject","inLanguage":"fr-FR","@id":"https:\/\/www.galerierichard.com\/index.php\/en\/produit\/takesada-matsutani-tm-cercle-97-7-5-1997\/#primaryimage","url":"https:\/\/www.galerierichard.com\/wp-content\/uploads\/2024\/10\/TM-Cercle-97-7-5-1997wood-gluegraphir-te-and-varnish-stained-paper-on-canvas-13-14-x-9-34-in-335-x-245-cm-.jpg","contentUrl":"https:\/\/www.galerierichard.com\/wp-content\/uploads\/2024\/10\/TM-Cercle-97-7-5-1997wood-gluegraphir-te-and-varnish-stained-paper-on-canvas-13-14-x-9-34-in-335-x-245-cm-.jpg","width":528,"height":728},{"@type":"BreadcrumbList","@id":"https:\/\/www.galerierichard.com\/index.php\/en\/produit\/takesada-matsutani-tm-cercle-97-7-5-1997\/#breadcrumb","itemListElement":[{"@type":"ListItem","position":1,"name":"Accueil","item":"https:\/\/www.galerierichard.com\/"},{"@type":"ListItem","position":2,"name":"Shop","item":"https:\/\/www.galerierichard.com\/index.php\/shop-2\/"},{"@type":"ListItem","position":3,"name":"Takesada MATSUTANI, Cercle 97-7-5"}]},{"@type":"WebSite","@id":"https:\/\/www.galerierichard.com\/#website","url":"https:\/\/www.galerierichard.com\/","name":"Galerie Richard","description":"","publisher":{"@id":"https:\/\/www.galerierichard.com\/#organization"},"potentialAction":[{"@type":"SearchAction","target":{"@type":"EntryPoint","urlTemplate":"https:\/\/www.galerierichard.com\/?s={search_term_string}"},"query-input":{"@type":"PropertyValueSpecification","valueRequired":true,"valueName":"search_term_string"}}],"inLanguage":"fr-FR"},{"@type":"Organization","@id":"https:\/\/www.galerierichard.com\/#organization","name":"Galerie Richard","url":"https:\/\/www.galerierichard.com\/","logo":{"@type":"ImageObject","inLanguage":"fr-FR","@id":"https:\/\/www.galerierichard.com\/#\/schema\/logo\/image\/","url":"https:\/\/www.galerierichard.com\/wp-content\/uploads\/2021\/07\/logo-galerie-richard.png","contentUrl":"https:\/\/www.galerierichard.com\/wp-content\/uploads\/2021\/07\/logo-galerie-richard.png","width":295,"height":25,"caption":"Galerie Richard"},"image":{"@id":"https:\/\/www.galerierichard.com\/#\/schema\/logo\/image\/"},"sameAs":["https:\/\/www.facebook.com\/galerierichard\/","https:\/\/x.com\/galerierichard","https:\/\/www.instagram.com\/galerie.richard\/","https:\/\/www.youtube.com\/channel\/UCwaMGcMSKAW565EC2g1RIVg"]}]}},"jetpack_sharing_enabled":true,"_links":{"self":[{"href":"https:\/\/www.galerierichard.com\/index.php\/wp-json\/wp\/v2\/product\/12297","targetHints":{"allow":["GET"]}}],"collection":[{"href":"https:\/\/www.galerierichard.com\/index.php\/wp-json\/wp\/v2\/product"}],"about":[{"href":"https:\/\/www.galerierichard.com\/index.php\/wp-json\/wp\/v2\/types\/product"}],"wp:featuredmedia":[{"embeddable":true,"href":"https:\/\/www.galerierichard.com\/index.php\/wp-json\/wp\/v2\/media\/12277"}],"wp:attachment":[{"href":"https:\/\/www.galerierichard.com\/index.php\/wp-json\/wp\/v2\/media?parent=12297"}],"wp:term":[{"taxonomy":"product_brand","embeddable":true,"href":"https:\/\/www.galerierichard.com\/index.php\/wp-json\/wp\/v2\/product_brand?post=12297"},{"taxonomy":"product_cat","embeddable":true,"href":"https:\/\/www.galerierichard.com\/index.php\/wp-json\/wp\/v2\/product_cat?post=12297"},{"taxonomy":"product_tag","embeddable":true,"href":"https:\/\/www.galerierichard.com\/index.php\/wp-json\/wp\/v2\/product_tag?post=12297"}],"curies":[{"name":"wp","href":"https:\/\/api.w.org\/{rel}","templated":true}]}}